alculate the greatest common factor of y and 104.
13
Let n(k) = 548*k + 3054. Let l be n(-3). What is the greatest common divisor of 1974 and l?
282
Let j(g) = -g**3 - 18*g**2 + 24. Let f be j(-18). Let u = 52 - f. Let i be (-6)/15 - 422/(-5). Calculate the highest common factor of u and i.
28
Suppose 36*a - 10844 = -6325 + 13337. Calculate the highest common divisor of a and 93.
31
Suppose 2*w - m - 36687 = 0, -3*w = -m + 12*m - 55068. Calculate the highest common divisor of w and 15.
15
Let d = 2323 + -2317. What is the highest common factor of 1140 and d?
6
Let t = 3061 + 4485. Calculate the greatest common divisor of t and 66.
22
Let k(u) = 59*u - 8515. Let j be k(145). Calculate the greatest common divisor of j and 55.
5
Suppose -139*f = -2041 + 234. What is the greatest common divisor of f and 377?
13
Suppose -4*b = 4*p - 536, -5*p - 23 = b - 149. Let n be ((-13)/(-26))/(8/(-176)) - -19. Calculate the greatest common divisor of n and b.
8
Suppose -13*c - 2*c = -30. Suppose 0 = -f + 2*v + c + 59, 5*f - 333 = 3*v. What is the greatest common factor of 3 and f?
3
Let o(t) = 3 + 6*t - 15*t + 4*t + t + 5*t. Let m be o(5). What is the greatest common divisor of m and 152?
8
Suppose 27 = 5*y + 7. Suppose r = 2*r - x - 16, 0 = y*r - 3*x - 65. Let p = 4 + r. What is the highest common factor of 21 and p?
21
Let o be ((-2)/(-3))/(1/18). Let z(c) = 3*c**3 - 2*c**2 - 43*c + 120. Let l be z(4). Calculate the greatest common factor of o and l.
12
Let a be (2/2)/(13/(-13))*-27. Let x(k) = -84 + 51 + 5*k + 52. Let c be x(7). Calculate the greatest common factor of a and c.
27
Let q be (124/(-2))/(11 + 1330/(-120)) - -6. What is the greatest common factor of q and 12?
6
Let o be (4/3 + 0)*3. Let m be (221/130 + -2)/((-2 - -6)/(-40)). Calculate the greatest common factor of o and m.
1
Suppose 49905 = 5*z - 2*q, 4*z - 39891 = -6*q + q. What is the greatest common factor of 34 and z?
17
Let t be -2 + (3 - 0/1). Let d be (-2)/4*1*(-120 - -126) + 11. Calculate the highest common divisor of t and d.
1
Let k(i) = -2*i**2 - 6*i + 16. Let y be k(-5). Let v be (3/(-4))/(y - (-475)/120). Calculate the highest common divisor of v and 30.
6
Suppose -13442 = -2*r + 2*m, 0 = -4*r - 11*m + 8*m + 26842. What is the greatest common divisor of r and 255?
85
Suppose -10*g + 615 = -i, 17*g - 14*g = -5*i + 211. Calculate the highest common divisor of g and 11.
1
Suppose -2*r - 2*z = 10, -25 = 4*r + 6*z - z. Suppose l + 14 - 41 = r. Suppose -15 = -7*k + l. What is the greatest common factor of 9 and k?
3
Let w = 1 - 1. Let z be (-6 + 4)*-2 - w. Suppose 2*a - v = 45, -3*a - z*v + 68 = 6. What is the highest common divisor of 154 and a?
22
Let v(c) = 220*c**2 + 45*c + 113. Let q be v(-3). What is the greatest common divisor of 110 and q?
22
Let y(u) = -78*u + 1455. Let h be y(18). What is the greatest common factor of 561 and h?
51
Let g = -29 - -325. Suppose 0 = f - 2 - 1. Let k(s) = 12*s + 1. Let a be k(f). Calculate the greatest common factor of a and g.
37
Let l = -43 - 92. Let p be 76 - (-7 - l/9). Calculate the greatest common divisor of 136 and p.
68
Suppose -3*y + 2460 = 5*g, -11*g + 8*g + 2472 = 3*y. Calculate the highest common divisor of 40 and y.
10
Let k(c) = 3*c**3 - 18*c**2 - 21*c + 31. Let o be k(8). Calculate the highest common factor of o and 703.
19
Let f be (2/5)/(122/2774280). Calculate the greatest common divisor of 8 and f.
8
Suppose 2754 = -96*s + 114*s. Calculate the highest common divisor of s and 1428.
51
Let o(d) = d**3 - 176*d**2 + 3127*d - 24. Let j be o(20). What is the greatest common divisor of 11194 and j?
58
Let s(m) = -213*m - 4469. Let c be s(-21). Suppose -3*g = -7*g + 160. Suppose -20 = -5*u + g. What is the highest common factor of u and c?
4
Let f(u) = -2*u**3 - 12*u**2 + 28*u + 11. Let r be f(-11). What is the highest common divisor of r and 99?
11
Let g = 305 - 316. Let c(h) be the third derivative of -5*h**4/24 + 35*h**3/6 - h**2. Let u be c(g). Calculate the greatest common factor of u and 10.
10
Suppose 0 = -104749*x + 104764*x - 15435. What is the greatest common divisor of x and 1911?
147
Let p(w) = -79*w - 4802. Let g be p(-61). Let m be (-2)/4 + (-207)/(-6). Let j = m - g. What is the greatest common divisor of j and 1?
1
Suppose 5*c + b = 2*c + 36, 36 = 3*c - 3*b. Let l = -113 + 37. Let s = 92 + l. Calculate the highest common factor of c and s.
4
Let q(u) = 71*u + 3836. Let p be q(-24). What is the highest common factor of p and 328?
164
Suppose -a + 9*r = 6*r - 180, a + 3*r = 180. What is the highest common divisor of a and 576?
36
Suppose 4*y - 8*n - 1371 = -11*n, -2*y - 2*n = -686. What is the highest common factor of 266 and y?
38
Let g be 868/18 + (-4)/18. Let y = -56441 + 56525. Calculate the highest common divisor of g and y.
12
Suppose -470 = -3*r + 676. Suppose -3*g + r = 2*n, 5*n - 4*g - 1283 = -374. What is the highest common divisor of n and 74?
37
Suppose -4*p = -8*p + 20. Suppose 5*z = 5*u + 220, -34 - 2 = -z - u. Calculate the greatest common divisor of p and z.
5
Suppose 51*x - 288167 = 74545. What is the greatest common factor of x and 56?
56
Let k be -570*(0 - 4)/(19 - 49)*-5. Calculate the highest common factor of k and 60.
20
Suppose -5*d + 390 = 4*n - 222, 0 = d + 3*n - 129. Suppose -11*m = -3*m - d. Calculate the highest common factor of m and 3.
3
Let i(d) = -6*d + 52. Let q be i(8). Suppose -1740 = -4*g + m + m, -421 = -g + q*m. What is the greatest common factor of g and 23?
23
Let c = 3479 - -3241. Calculate the highest common divisor of c and 24.
24
Let q = -2724 + 2727. Calculate the highest common factor of q and 1461.
3
Let b(k) = k**2 - 10*k + 33. Let v = -38 - -38. Let i be b(v). Calculate the highest common factor of 561 and i.
33
Suppose 4*x + 509 = -5*m, 166 = -x + m + 32. Let n = x + 371. What is the highest common factor of 15 and n?
15
Suppose -72 = 9*y - 21*y. Let b(u) = 29*u - 133. Let t be b(y). Let m(f) = -9*f + 5. Let z be m(-4). What is the greatest common divisor of z and t?
41
Suppose -116236 = -28*t - 46236. What is the highest common factor of t and 440?
20
Let k be (390/(-234))/((3/2)/((-432)/20)). What is the greatest common divisor of k and 22296?
24
Let f be -1 + 2*(2 - 0) + -3. Suppose -r - k + 75 = f, k + 265 = 3*r - 4*k. What is the highest common divisor of 96 and r?
16
Let g = 1519 + -1479. What is the highest common divisor of 824 and g?
8
Suppose -2*f + 100 = 6*n, -4*n + 117*f - 121*f = -72. Calculate the greatest common factor of n and 488.
8
Let b = -28 - -28. Let o be 3/(9/57 - b). What is the greatest common factor of o and 247?
19
Let z(l) = -4*l**2 - 397*l - 299. Let y be z(-97). What is the highest common factor of y and 451?
41
Let m be (-2)/8 + (-98)/(-8). Let s be ((93/248)/(6/40))/(10/1200). What is the highest common divisor of m and s?
12
Suppose -44*h - 37636 = -39484. What is the greatest common divisor of 26943 and h?
21
Let o(p) = 34*p**3 - 4*p**2 + 8*p - 3. Let s = -138 + 139. Let j be o(s). What is the highest common factor of j and 21?
7
Let d = -27710 - -61377. What is the highest common divisor of d and 131?
131
Let g(m) = 4*m + 57. Let v be g(6). Suppose 0*n - v = -3*n. Calculate the greatest common factor of 36 and n.
9
Suppose 1054 = 2*p - 170. Suppose 6*l - p = -3*l. Calculate the greatest common factor of 476 and l.
68
Let s(a) = 5*a + 20. Let g be s(11). Let h(p) = 2*p**2 + 85*p + 163. Let j be h(-2). Calculate the greatest common factor of g and j.
1
Suppose -3*l = -x + 1139, -4616 = 3*x - 7*x + 2*l. Calculate the greatest common divisor of 52 and x.
13
Suppose -3*b + 5830 = b + 1598. Calculate the greatest common factor of b and 115.
23
Let g(c) = -c**3 + 25*c + 5. Suppose 12 = i - 5. Suppose 3*a - 3*j = 12, 2*j - i = -3*a - 0. Let h be g(a). What is the greatest common factor of h and 35?
5
Suppose -78*z = -40739 - 23689. What is the highest common divisor of z and 112?
14
Let m(k) = 527*k - 2590. Let j be m(5). Suppose 3*q + 2*x - 280 = 0, -x + 122 - 27 = q. What is the highest common factor of q and j?
45
Let w be ((-87)/12 - -6)*-468. Calculate the greatest common divisor of w and 1872.
117
Suppose 197*v - 196*v - 3*l - 55 = 0, 0 = -3*v - l + 105. What is the highest common factor of 8251 and v?
37
Let o(s) = s - 2. Let c be 1/(1*4